the greatest common divisor of 80 and 40?
40
Calculate the highest common divisor of 48 and 264.
24
What is the highest common factor of 176 and 649?
11
Calculate the highest common divisor of 1139 and 17.
17
Calculate the greatest common factor of 116 and 435.
29
What is the highest common factor of 85 and 4964?
17
What is the greatest common divisor of 156 and 12?
12
What is the greatest common divisor of 118655 and 95?
95
What is the greatest common factor of 1545 and 15?
15
Calculate the highest common divisor of 27 and 216.
27
Calculate the highest common divisor of 770 and 560.
70
Calculate the highest common divisor of 4028 and 371.
53
Calculate the highest common divisor of 14 and 7.
7
Calculate the greatest common divisor of 5010 and 30.
30
Calculate the greatest common divisor of 42 and 6.
6
What is the greatest common factor of 76638 and 318?
318
What is the highest common divisor of 1555 and 15?
5
What is the greatest common factor of 60 and 18570?
30
Calculate the highest common factor of 214 and 321.
107
Calculate the greatest common divisor of 6244 and 28.
28
What is the greatest common factor of 1031 and 1?
1
What is the greatest common divisor of 111 and 9?
3
What is the highest common divisor of 114 and 3078?
114
Calculate the greatest common divisor of 216 and 576.
72
What is the highest common factor of 14784 and 96?
96
What is the greatest common factor of 387 and 172?
43
Calculate the highest common divisor of 171 and 209.
19
What is the greatest common divisor of 5184 and 81?
81
Calculate the highest common factor of 27284 and 152.
76
What is the greatest common factor of 175 and 575?
25
Calculate the highest common factor of 60 and 690.
30
Calculate the greatest common factor of 58 and 261.
29
Calculate the highest common divisor of 14 and 1134.
14
Calculate the greatest common divisor of 7575 and 75.
75
What is the greatest common factor of 216 and 2052?
108
Calculate the highest common divisor of 28 and 1792.
28
Calculate the highest common divisor of 124 and 16.
4
What is the greatest common factor of 16256 and 254?
254
Calculate the highest common divisor of 2286 and 18.
18
What is the greatest common factor of 100 and 750?
50
Calculate the highest common factor of 42 and 504.
42
What is the greatest common divisor of 17 and 527?
17
What is the greatest common divisor of 24 and 44?
4
Calculate the greatest common divisor of 121 and 297.
11
What is the highest common factor of 6930 and 84?
42
Calculate the greatest common factor of 65 and 2405.
65
Calculate the greatest common factor of 51315 and 495.
165
Calculate the highest common factor of 175 and 10535.
35
Calculate the highest common divisor of 1337 and 7449.
191
What is the greatest common factor of 13 and 5707?
13
What is the greatest common factor of 1092 and 147?
21
What is the greatest common divisor of 75 and 9?
3
What is the greatest common divisor of 195 and 897?
39
What is the highest common divisor of 1892 and 5504?
172
Calculate the highest common factor of 28 and 8876.
28
Calculate the highest common factor of 13075 and 25.
25
What is the greatest common factor of 19 and 608?
19
Calculate the highest common divisor of 702 and 162.
54
What is the greatest common factor of 62 and 5611?
31
What is the greatest common factor of 120 and 1095?
15
What is the highest common divisor of 20 and 410?
10
What is the greatest common factor of 96 and 72?
24
Calculate the greatest common factor of 2112 and 22.
22
What is the highest common factor of 258 and 66?
6
What is the highest common divisor of 65 and 220?
5
What is the highest common factor of 472 and 40?
8
Calculate the highest common divisor of 33 and 275.
11
Calculate the greatest common factor of 44 and 16.
4
Calculate the highest common divisor of 72 and 2304.
72
Calculate the highest common factor of 511 and 15695.
73
Calculate the highest common divisor of 2 and 191.
1
What is the greatest common factor of 327 and 4360?
109
What is the highest common factor of 1494 and 1162?
166
Calculate the greatest common divisor of 2291 and 87.
29
Calculate the greatest common factor of 26 and 10.
2
Calculate the greatest common factor of 8128 and 889.
127
Calculate the highest common factor of 16 and 8072.
8
Calculate the greatest common factor of 6450 and 600.
150
Calculate the greatest common divisor of 1022 and 7.
7
Calculate the highest common factor of 10 and 430.
10
Calculate the greatest common divisor of 12 and 116.
4
Calculate the greatest common factor of 80 and 100.
20
What is the highest common factor of 32 and 20?
4
Calculate the highest common divisor of 208 and 169.
13
What is the highest common factor of 3317 and 899?
31
What is the greatest common factor of 2006 and 170?
34
Calculate the greatest common divisor of 5 and 7585.
5
Calculate the greatest common factor of 40 and 920.
40
Calculate the greatest common factor of 5203 and 605.
121
What is the highest common divisor of 150 and 3345?
15
What is the highest common factor of 52 and 26?
26
What is the highest common factor of 294 and 126?
42
What is the highest common divisor of 65 and 117?
13
What is the greatest common divisor of 680 and 10?
10
Calculate the highest common factor of 561 and 99.
33
What is the greatest common factor of 51 and 9?
3
What is the highest common factor of 1408 and 96?
32
Calculate the highest common factor of 504 and 36.
36
Calculate the greatest common factor of 1242 and 36.
18
What is the highest common factor of 25 and 35?
5
Calculate the greatest common factor of 28241 and 31.
31
What is the highest common factor of 125 and 2200?
25
What is the greatest common divisor of 99 and 1529?
11
What is the highest common divisor of 140 and 220?
20
What is the highest common divisor of 1175 and 25?
25
What is the highest common divisor of 1275 and 51?
51
Calculate the highest common factor of 17 and 30022.
17
Calculate the greatest common factor of 24 and 1116.
12
What is the greatest common divisor of 448 and 55776?
224
Calculate the greatest common divisor of 288 and 480.
96
Calculate the greatest common factor of 57 and 2679.
57
What is the greatest common factor of 4433 and 22?
11
What is the greatest common divisor of 603 and 469?
67
Calculate the highest common divisor of 164 and 123.
41
What is the highest common divisor of 425 and 350?
25
Calculate the highest common divisor of 2457 and 42.
21
Calculate the greatest common divisor of 784 and 98.
98
Calculate the highest common divisor of 87788 and 34.
34
What is the greatest common divisor of 2 and 68?
2
Calculate the highest common divisor of 437 and 138.
23
Calculate the greatest common factor of 42 and 10521.
21
Calculate the highest common factor of 2061 and 27.
9
Calculate the highest common divisor of 1148 and 28.
28
What is the greatest common factor of 3 and 1821?
3
Calculate the greatest common divisor of 20 and 116.
4
Calculate the greatest common factor of 64 and 12.
4
What is the highest common factor of 3835 and 130?
65
Calculate the highest common divisor of 672 and 21.
21
What is the greatest common divisor of 16 and 1328?
16
What is the highest common factor of 1275 and 15?
15
What is the greatest common divisor of 43 and 1075?
43
What is the highest common factor of 39 and 247?
13
Calculate the highest common factor of 9120 and 210.
30
Calculate the greatest common divisor of 19 and 7657.
19
Calculate the highest common factor of 435 and 3.
3
What is the greatest common divisor of 700 and 28?
28
What is the highest common factor of 36 and 3582?
18
Calculate the greatest common divisor of 1110 and 74.
74
Calculate the greatest common factor of 2015 and 39.
13
Calculate the highest common factor of 21342 and 12.
6
What is the highest common divisor of 3 and 93?
3
Calculate the highest common divisor of 50916 and 12.
12
What is the highest common factor of 658 and 70?
14
What is the greatest common divisor of 4735 and 15?
5
Calculate the greatest common divisor of 37 and 37.
37
What is the greatest common factor of 405 and 243?
81
Calculate the highest common divisor of 3 and 29.
1
What is the greatest common factor of 9 and 16038?
9
Calculate the highest common factor of 65 and 13.
13
Calculate the greatest common divisor of 6593 and 19.
19